s the remainder when 733248 is divided by 657?
36
Calculate the remainder when 69930 is divided by 69315.
615
What is the remainder when 19562145 is divided by 652071?
15
Calculate the remainder when 44093 is divided by 2122.
1653
What is the remainder when 364473 is divided by 293?
274
Calculate the remainder when 4295847 is divided by 5821.
5770
Calculate the remainder when 869474 is divided by 628.
322
What is the remainder when 879047 is divided by 3421?
3271
Calculate the remainder when 394337 is divided by 5353.
3568
Calculate the remainder when 285685 is divided by 829.
509
What is the remainder when 42759123 is divided by 2?
1
Calculate the remainder when 16611890 is divided by 32.
18
What is the remainder when 675665 is divided by 19?
6
Calculate the remainder when 198785 is divided by 916.
13
Calculate the remainder when 2278111 is divided by 103549.
33
What is the remainder when 107696 is divided by 232?
48
What is the remainder when 181683 is divided by 985?
443
What is the remainder when 233459 is divided by 278?
217
What is the remainder when 140731 is divided by 15445?
1726
What is the remainder when 77110 is divided by 23812?
5674
What is the remainder when 122385 is divided by 2985?
0
Calculate the remainder when 445998 is divided by 27872.
46
Calculate the remainder when 42296742 is divided by 2014130.
12
Calculate the remainder when 46818813 is divided by 128.
125
What is the remainder when 274332 is divided by 12413?
1246
What is the remainder when 10243796 is divided by 310417?
35
Calculate the remainder when 4493734 is divided by 86399.
986
Calculate the remainder when 7426 is divided by 972.
622
Calculate the remainder when 173166191 is divided by 34633236.
11
Calculate the remainder when 76882 is divided by 15336.
202
What is the remainder when 1398782 is divided by 349684?
46
Calculate the remainder when 107355459 is divided by 497016.
3
Calculate the remainder when 736804 is divided by 1934.
1884
What is the remainder when 1024575 is divided by 264?
255
Calculate the remainder when 247762620 is divided by 753.
18
What is the remainder when 842606 is divided by 497?
191
What is the remainder when 466819 is divided by 49?
45
Calculate the remainder when 1603916 is divided by 160.
76
Calculate the remainder when 9601469 is divided by 9601441.
28
What is the remainder when 55885 is divided by 4296?
37
What is the remainder when 275635 is divided by 1282?
5
What is the remainder when 2748335 is divided by 37?
12
Calculate the remainder when 5397055 is divided by 1220.
995
Calculate the remainder when 118024 is divided by 2949.
64
What is the remainder when 4435375 is divided by 2552?
2551
Calculate the remainder when 190555 is divided by 63437.
244
What is the remainder when 219347 is divided by 2112?
1811
What is the remainder when 37066674 is divided by 70?
64
What is the remainder when 56914 is divided by 6278?
412
What is the remainder when 1907315 is divided by 4509?
8
What is the remainder when 280519 is divided by 3300?
19
What is the remainder when 3629582 is divided by 56?
54
What is the remainder when 11307096 is divided by 66?
42
Calculate the remainder when 5931 is divided by 1452.
123
What is the remainder when 10619538 is divided by 30?
18
Calculate the remainder when 4969 is divided by 1783.
1403
Calculate the remainder when 280717 is divided by 12204.
25
Calculate the remainder when 206010 is divided by 172.
126
What is the remainder when 2171267 is divided by 3179?
10
What is the remainder when 285578 is divided by 988?
46
Calculate the remainder when 10601849 is divided by 61999.
20
What is the remainder when 250942 is divided by 55?
32
What is the remainder when 3431759 is divided by 56258?
21
Calculate the remainder when 14291557 is divided by 210.
7
What is the remainder when 645440 is divided by 93?
20
What is the remainder when 17798215 is divided by 329?
302
Calculate the remainder when 21372334 is divided by 239.
237
What is the remainder when 3368222 is divided by 60?
2
Calculate the remainder when 3864101 is divided by 552014.
3
What is the remainder when 7470280 is divided by 1067176?
48
What is the remainder when 107902 is divided by 3177?
3061
What is the remainder when 5955901 is divided by 4221?
70
Calculate the remainder when 80558 is divided by 40065.
428
Calculate the remainder when 32592 is divided by 5258.
1044
What is the remainder when 18827494 is divided by 298849?
7
What is the remainder when 2737119 is divided by 61?
49
What is the remainder when 4528608 is divided by 348354?
6
Calculate the remainder when 129223 is divided by 3073.
157
What is the remainder when 46275 is divided by 3323?
3076
Calculate the remainder when 56105359 is divided by 2335.
2314
What is the remainder when 129845596 is divided by 50?
46
Calculate the remainder when 63886 is divided by 270.
166
What is the remainder when 218977 is divided by 869?
858
Calculate the remainder when 3081825 is divided by 1540906.
13
Calculate the remainder when 25183945 is divided by 367.
38
Calculate the remainder when 1147857 is divided by 47.
23
What is the remainder when 398074 is divided by 1851?
109
Calculate the remainder when 77922466 is divided by 369.
367
Calculate the remainder when 3063693 is divided by 435.
423
What is the remainder when 54634 is divided by 11262?
9586
What is the remainder when 248131 is divided by 49542?
421
Calculate the remainder when 23361371 is divided by 1033.
76
Calculate the remainder when 278670 is divided by 92147.
2229
Calculate the remainder when 3440114 is divided by 7227.
62
Calculate the remainder when 2536345 is divided by 1268160.
25
What is the remainder when 64949 is divided by 64929?
20
What is the remainder when 4631351 is divided by 797?
781
Calculate the remainder when 288508 is divided by 53.
29
Calculate the remainder when 81592739 is divided by 104.
59
What is the remainder when 7532939 is divided by 52312?
11
What is the remainder when 43499815 is divided by 85968?
7
Calculate the remainder when 6505953 is divided by 345.
288
Calculate the remainder when 337102 is divided by 682.
194
Calculate the remainder when 1462933 is divided by 714.
661
Calculate the remainder when 45372093 is divided by 14.
11
Calculate the remainder when 1777647 is divided by 761.
712
What is the remainder when 238910 is divided by 3460?
170
What is the remainder when 31525 is divided by 9197?
3934
What is the remainder when 15443268 is divided by 124?
60
Calculate the remainder when 39405 is divided by 406.
23
Calculate the remainder when 6075628 is divided by 4688.
4668
What is the remainder when 2320820 is divided by 14973?
5
Calculate the remainder when 2631 is divided by 1314.
3
Calculate the remainder when 29293489 is divided by 44384.
49
What is the remainder when 88289 is divided by 349?
341
What is the remainder when 721405 is divided by 240433?
106
Calculate the remainder when 475885 is divided by 95175.
10
Calculate the remainder when 292500 is divided by 11518.
4550
What is the remainder when 743197 is divided by 20642?
85
What is the remainder when 24446927 is divided by 969?
26
What is the remainder when 109424 is divided by 890?
844
What is the remainder when 5234014 is divided by 123?
118
Calculate the remainder when 2209978 is divided by 230.
138
Calculate the remainder when 144233 is divided by 104.
89
Calculate the remainder when 96702229 is divided by 22.
19
What is the remainder when 2438846 is divided by 470?
16
What is the remainder when 3628659 is divided by 120949?
189
Calculate the remainder when 15676 is divided by 14855.
821
Calculate the remainder when 35353256 is divided by 12717.
12713
Calculate the remainder when 9917 is divided by 3134.
515
What is the remainder when 256634 is divided by 50881?
2229
What is the remainder when 50014 is divided by 7110?
244
Calculate the remainder when 1477316 is divided by 492412.
80
Calculate the remainder when 445963608 is divided by 37235.
13
What is the remainder when 6785921 is divided by 143?
142
Calculate the remainder when 1266852 is divided by 17.
12
Calculate the remainder when 47539 is divided by 2381.
2300
Calculate the remainder when 15703891 is divided by 27.
16
What is the remainder when 872924 is divided by 167